313211302 (base 6) to base 7
-64354541
-189b92 (base 13) to base 14
-122712
What is -a10 (base 12) in base 5?
-21302
Convert -1133333103 (base 4) to base 2.
-1011111111111010011
What is 204224031 (base 6) in base 4?
31212111103
Convert b62c2 (base 15) to base 7.
4624265
What is 200065 (base 8) in base 15?
14679
-142533451 (base 6) to base 14
-5660d1
What is -3a876 (base 12) in base 15?
-18dc0
Convert -1101100001011101 (base 2) to base 7.
-320325
-a226 (base 13) to base 5
-1203330
Convert -31357444 (base 9) to base 8.
-71453727
Convert -134736 (base 10) to base 8.
-407120
2292c (base 13) to base 8
173143
-132322031 (base 4) to base 2
-11110111010001101
12421432 (base 6) to base 2
1100011011100011100
Convert 127bb64 (base 14) to base 12.
2b962a4
Convert -5461 (base 15) to base 6.
-214414
Convert -221123103022 (base 4) to base 6.
-1024432254
What is -4471575 (base 8) in base 11?
-756555
432837 (base 9) to base 7
2123146
Convert 4013034402 (base 5) to base 13.
1850016
Convert 3507036 (base 8) to base 16.
e8e1e
What is 6252671 (base 10) in base 9?
12680042
What is -16652840 (base 9) in base 12?
-2972560
Convert -28bbba (base 12) to base 5.
-133344121
-3497076 (base 10) to base 13
-95599b
146811 (base 12) to base 4
1103310031
What is -1660d2 (base 16) in base 15?
-1de81d
Convert -25365628 (base 9) to base 7.
-210525224
Convert -1022003120 (base 4) to base 13.
-a80a4
Convert 66660 (base 10) to base 11.
460a0
What is -100000110011001010 (base 2) in base 7?
-1066452
Convert 522104 (base 6) to base 13.
16126
What is -11010000100101 (base 2) in base 14?
-4c17
Convert 1140130021 (base 5) to base 12.
a840b9
-1a96223 (base 11) to base 10
-3522093
Convert -10111111000011001 (base 2) to base 13.
-356a5
3a980 (base 11) to base 8
162052
What is -3021022001 (base 4) in base 10?
-823937
Convert -333430435 (base 6) to base 8.
-27057627
c28a3 (base 15) to base 9
1138240
What is 1d89c4 (base 16) in base 6?
105254032
Convert 25046 (base 9) to base 12.
9889
Convert 60522161 (base 7) to base 3.
100110121001122
Convert -5770640 (base 8) to base 2.
-101111111000110100000
Convert b7737 (base 16) to base 2.
10110111011100110111
What is -1103133211 (base 4) in base 14?
-8c8bb
What is -442135330 (base 6) in base 2?
-11110010011100011000110
-107432c (base 16) to base 9
-35415802
Convert -12000101202 (base 3) to base 8.
-300621
What is -4551865 (base 9) in base 16?
-2576d2
What is -4554240 (base 6) in base 14?
-60c6c
1100101010111100100 (base 2) to base 4
1211113210
What is 2201010210221 (base 3) in base 7?
15144124
What is -11212220010220 (base 3) in base 14?
-4b813c
What is 27155a (base 13) in base 2?
11100110110111011110
Convert -140650303 (base 7) to base 4.
-202333100002
What is -10025431 (base 6) in base 2?
-1000101010001111011
2837a (base 16) to base 4
220031322
What is -906919 (base 10) in base 9?
-1632047
What is -567670 (base 8) in base 2?
-101110111110111000
Convert -11226125 (base 7) to base 6.
-33013022
What is -15aa42 (base 12) in base 3?
-200212022012
Convert -136785 (base 12) to base 11.
-200348
What is 280c8e (base 15) in base 5?
443122314
Convert 1116165 (base 7) to base 8.
417403
-275304 (base 11) to base 12
-189937
What is 50498 (base 11) in base 6?
1325352
What is 10111010110011000 (base 2) in base 6?
2014440
11001220210122 (base 3) to base 15
2cb0a2
Convert 1011111010110111011001 (base 2) to base 11.
18446a4
What is 43422314 (base 5) in base 3?
200222021211
Convert 198a283 (base 12) to base 7.
63655521
568982 (base 15) to base 4
33300033230
Convert 220221002211 (base 3) to base 16.
77cc5
What is 4490550 (base 10) in base 16?
448536
Convert -443342410 (base 5) to base 2.
-111011000001100011001
What is -210224140 (base 7) in base 14?
-1908590
What is 26435672 (base 9) in base 7?
215423420
-6016633 (base 8) to base 6
-53512511
32540151 (base 6) to base 2
11101110100101100011
Convert 1001212201211002 (base 3) to base 7.
244310624
What is 5d2eb (base 15) in base 16?
48ac7
-64883 (base 10) to base 7
-360110
What is 1233120232 (base 4) in base 3?
212011211201
What is 16ee5c (base 15) in base 6?
35511340
What is -320001310 (base 4) in base 3?
-102122210201
What is 102021202102022 (base 3) in base 15?
7d7512
-5188178 (base 9) to base 6
-135245542
What is -21114032 (base 6) in base 4?
-2112200210
c84a92 (base 13) to base 12
16a4949
Convert 12b16 (base 12) to base 5.
1311134
-101111011110101100000101 (base 2) to base 16
-bdeb05
What is -64533151 (base 7) in base 4?
-110333303032
What is -3644231 (base 7) in base 3?
-212121200222
What is 2103310131 (base 4) in base 14?
11a91b
Convert 2465415 (base 12) to base 4.
123011220101
302031111 (base 4) to base 10
205653
-235015354 (base 6) to base 5
-2113403323
Convert 1200343 (base 5) to base 15.
679d
Convert 4312112 (base 6) to base 8.
635414
-2112010020010 (base 3) to base 5
-320401141
What is 1143421 (base 5) in base 11?
15370
Convert 441341 (base 8) to base 3.
21112021122
What is 27bb0 (base 12) in base 8?
153764
Convert -2d330a (base 14) to base 4.
-12002230032
What is 12293a (base 12) in base 5?
33420402
1074576 (base 9) to base 3
1002111122120
Convert 321320 (base 7) to base 6.
1105555
-11200010001201 (base 3) to base 13
-68bb16
Convert 53051101 (base 6) to base 10.
1546381
Convert 23000001303 (base 4) to base 11.
169a625
4c4c3 (base 13) to base 11
972a5
What is 76a95b (base 13) in base 9?
5227556
88519 (base 11) to base 6
2430241
-930e9d (base 15) to base 9
-14132764
What is 473048 (base 9) in base 3?
112110001122
-4554731 (base 9) to base 6
-124400301
What is 873234 (base 9) in base 4?
1333013323
Convert 10043555 (base 6) to base 16.
45d1f
Convert 21133031 (base 4) to base 8.
113715
What is 30d4 (base 15) in base 7?
42046
Convert -2511607 (base 8) to base 7.
-5614531
Convert 17428683 (base 9) to base 13.
1a78904
533060 (base 8) to base 7
1340053
14a6c1a (base 13) to base 10
6612824
-44a8a (base 14) to base 13
-5ab6a
Convert 1336505 (base 8) to base 3.
201002221212
Convert -2002450 (base 7) to base 10.
-236215
-57155 (base 10) to base 3
-2220101212
Convert 15c5d (base 14) to base 15.
11281
What is -2615621 (base 10) in base 7?
-31142501
What is -41515250 (base 6) in base 15?
-18ccc3
What is 64dffa (base 16) in base 9?
13385446
Convert 2202220201212 (base 3) to base 7.
15351023
Convert 34165462 (base 7) to base 3.
12121010002201
Convert -25265 (base 10) to base 9.
-37582
What is -75245a (base 14) in base 7?
-45454343
What is 113619 (base 13) in base 12?
177989
Convert 12234 (base 10) to base 2.
10111111001010
What is -c871 (base 15) in base 12?
-2065a
Convert 1010010002120 (base 3) to base 12.
247036
Convert -42fa71 (base 16) to base 10.
-4389489
Convert -3726605 (base 9) to base 12.
-818305
What is -126142053 (base 7) in base 16?
-7c4814
1201635 (base 7) to base 13
541c8
What is -5904 (base 16) in base 15?
-6b43
What is -3521268 (base 10) in base 4?
-31123223310
What is 220988 (base 12) in base 8?
2037570
Convert -15340425 (base 6) to base 4.
-2010103001
Convert 7201625 (base 8) to base 10.
1901461
What is -1100001001110101111000 (base 2) in base 13?
-877240
-112011221102 (base 3) to base 13
-9a0b2
-1245722 (base 8) to base 16
-54bd2
What is 11223241242 (base 5) in base 14?
198c972
Convert -1868364 (base 11) to base 3.
-12221111012011
-10101011010111 (base 2) to base 12
-641b
Convert ecc0c5 (base 15) to base 10.
11279435
547465 (base 8) to base 3
100100120011
What is 111101000110011001110 (base 2) in base 5?
1003032001
What is -1012383 (base 9) in base 6?
-15322550
174d010 (base 15) to base 10
16952640
2367255 (base 11) to base 5
2023424430
Convert -91a82 (base 11) to base 13.
-49236
What is 21430022 (base 5) in base 13?
66a1b
-11231000420 (base 5) to base 13
-2845559
78cbc9 (base 15) to base 3
101211211102200
Convert 170a (base 16) to base 7.
23124
What is -24424431 (base 5) in base 12?
-b2aa4
-1656a3 (base 11) to base 7
-2115332
cad3e7 (base 16) to base 15
12787ce
What is -150b7c (base 16) in base 2?
-101010000101101111100
Convert 1010000011001000 (base 2) to base 14.
11000
What is -13552321 (base 7) in base 10?
-1273378
-49ab2 (base 14) to base 13
-641ba
-20335312 (base 6) to base 11
-371a94
1967ba0 (base 12) to base 7
63406401
Convert -1aa21a (base 11) to base 4.
-1032120022
Convert a951 (base 11) to base 7.